number?
False
Is 9913403 composite?
False
Is 213079 prime?
True
Is 3800021 a prime number?
True
Is 41446393 a composite number?
False
Is 51099973 composite?
True
Is 143053511 composite?
True
Is 119005609 a prime number?
True
Is 451747 a prime number?
True
Is 63149731 a composite number?
True
Is 264653 a composite number?
True
Is 1741337 a composite number?
True
Is 2443282877 composite?
True
Is 62328313 a prime number?
False
Is 44828395 composite?
True
Is 243915613 a composite number?
True
Is 18122677 a prime number?
False
Is 41545199 a prime number?
False
Is 10494971 composite?
False
Is 999101351 prime?
True
Is 151796101 a composite number?
True
Is 18152377 a prime number?
False
Is 42438791 composite?
True
Is 838867 prime?
False
Is 364337431 composite?
True
Is 120230997 a prime number?
False
Is 242239 a composite number?
True
Is 2251187 a composite number?
True
Is 39103901 a prime number?
False
Is 28271437 a composite number?
True
Is 6574049 composite?
True
Is 52596391 a prime number?
True
Is 2588017 composite?
True
Is 1169873 a composite number?
False
Is 62523317 a prime number?
True
Is 143619731 prime?
True
Is 151947259 a composite number?
False
Is 140749409 a prime number?
False
Is 1121423 prime?
True
Is 16413598 a prime number?
False
Is 25290019 a prime number?
True
Is 211244191 a composite number?
False
Is 33271853 a prime number?
False
Is 51669901 composite?
True
Is 5329453 a composite number?
False
Is 1392445 prime?
False
Is 27300613 a prime number?
False
Is 2290241 a prime number?
False
Is 2663771 prime?
False
Is 202561 a composite number?
True
Is 13814165 a prime number?
False
Is 2618279 a composite number?
False
Is 7422539 prime?
True
Is 2893069 a prime number?
False
Is 55037 prime?
False
Is 9462319 a composite number?
True
Is 33894979 composite?
True
Is 774691901 a prime number?
True
Is 15698131 prime?
True
Is 755632931 composite?
False
Is 32802137 prime?
True
Is 2415607 composite?
False
Is 707429 prime?
True
Is 13990903 a composite number?
True
Is 309839927 a prime number?
True
Is 577379 composite?
True
Is 1555652059 composite?
True
Is 1399 prime?
True
Is 21655171 composite?
False
Is 328667 a composite number?
False
Is 11224757 a prime number?
True
Is 4920917 a composite number?
True
Is 4407653 a prime number?
True
Is 2863397 a composite number?
True
Is 13381331 a prime number?
False
Is 232643 composite?
False
Is 13768303 composite?
False
Is 6116609 prime?
False
Is 40146013 a prime number?
True
Is 24083729 composite?
False
Is 25899358 a composite number?
True
Is 5539189 a prime number?
False
Is 2564371 composite?
True
Is 4911897 prime?
False
Is 1001651 composite?
True
Is 25377259 prime?
False
Is 25864999 prime?
False
Is 8859029 a composite number?
False
Is 7866037 prime?
True
Is 309929 a composite number?
False
Is 1404959 prime?
True
Is 16838803 a composite number?
True
Is 6430477 a composite number?
False
Is 146568319 a prime number?
False
Is 610849673 prime?
False
Is 39434617 prime?
True
Is 53428871 a prime number?
True
Is 32043203 composite?
False
Is 49929133 a composite number?
False
Is 13722333 prime?
False
Is 17924537 prime?
True
Is 78773113 composite?
False
Is 32506109 a prime number?
False
Is 634199 a prime number?
True
Is 84113941 a prime number?
True
Is 7572094 a prime number?
False
Is 9369203 a prime number?
True
Is 1403117 a prime number?
False
Is 125183 a prime number?
True
Is 450839357 a composite number?
False
Is 22457341 composite?
False
Is 14901127 composite?
False
Is 613957 composite?
False
Is 24835757 a prime number?
True
Is 89516722 a prime number?
False
Is 16171157 a prime number?
False
Is 3371999 a prime number?
True
Is 298794787 composite?
False
Is 725461 a prime number?
False
Is 3782801 composite?
True
Is 866193 prime?
False
Is 6268013 prime?
True
Is 45900793 a prime number?
True
Is 11376799 prime?
False
Is 732601 prime?
True
Is 1172527 prime?
False
Is 13902943 a composite number?
False
Is 1084637 prime?
True
Is 1027391 a composite number?
False
Is 46063051 composite?
False
Is 6805499 composite?
False
Is 16838411 prime?
True
Is 143139565 composite?
True
Is 106352555 a composite number?
True
Is 159312697 a composite number?
True
Is 106722377 prime?
True
Is 915881 a composite number?
False
Is 29974429 a composite number?
True
Is 63776507 a composite number?
False
Is 20156489 prime?
True
Is 3734021 prime?
False
Is 10875509 a composite number?
False
Is 15258813 a composite number?
True
Is 14235101 prime?
False
Is 679749877 composite?
False
Is 2925959 a composite number?
True
Is 388459 a composite number?
False
Is 147942029 prime?
False
Is 71143903 composite?
True
Is 114338797 a composite number?
True
Is 7333883 composite?
False
Is 12109467 composite?
True
Is 8022029 prime?
True
Is 167149846 prime?
False
Is 1245727949 a prime number?
False
Is 110089189 a composite number?
True
Is 662819 a prime number?
True
Is 23431 prime?
True
Is 10089733 a prime number?
True
Is 17529329 prime?
False
Is 31013 a composite number?
False
Is 5229943 prime?
True
Is 52677673 a composite number?
False
Is 182570233 a composite number?
True
Is 98322269 a composite number?
True
Is 835951 a composite number?
False
Is 161533301 prime?
False
Is 57331397 a prime number?
False
Is 2735857 a prime number?
True
Is 18115217 composite?
True
Is 6767111 prime?
False
Is 241114343 composite?
True
Is 39284827 a prime number?
True
Is 3718453 prime?
False
Is 187613 a prime number?
False
Is 16431227 a prime number?
True
Is 12765349 a composite number?
False
Is 1312547 a composite number?
False
Is 109217411 composite?
False
Is 114437293 a prime number?
True
Is 49544303 a prime number?
True
Is 175039279 prime?
True
Is 13090865 a prime number?
False
Is 2775847 a composite number?
True
Is 170403263 a prime number?
False
Is 2657641 composite?
True
Is 9693107 composite?
False
Is 542339 prime?
False
Is 14303377 prime?
False
Is 3196327 prime?
False
Is 19301669 a composite number?
True
Is 518972747 a prime number?
True
Is 1623631 a prime number?
True
Is 2244733 composite?
False
Is 17029967 a prime number?
True
Is 13292021 a composite number?
True
Is 14621927 a composite number?
True
Is 27855839 a prime number?
False
Is 154132015 a composite number?
True
Is 2594197 prime?
False
Is 25646429 composite?
False
Is 159007183 a composite number?
True
Is 7557101 composite?
True
Is 40390601 prime?
False
Is 138357607 a composite number?
True
Is 22188163 a prime number?
True
Is 7526371 a prime number?
False
Is 2584619 a composite number?
False
Is 676903 a composite number?
False
Is 47441221 a prime number?
False
Is 61836617 composite?
False
Is 2551319 composite?
True
Is 758929 a composite number?
False
Is 13765123 composite?
False
Is 1806491615 a composite number?
True
Is 6455993 a prime number?
False
Is 196047529 a composite number?
True
Is 6718367 prime?
True
Is 64704979 prime?
True
Is 106577 a prime number?
False
Is 2654287 composite?
True
Is 22866815 a composite number?
True
Is 53696567 composite?
False
Is 14870507 a composite number?
False
Is 156832799 a composite number?
False
Is 1083157 prime?
False
Is 67702651 prime?
True
Is 95790889 a prime number?
True
Is 29104213 a prime number?
True
Is 2855807 a composite number?
False
Is 16246973 composite?
True
Is 10963565 a composite number?
True
Is 86531 a composite number?
False
Is 1071758 composite?
True
Is 228829 prime?
True
Is 23860973 prime?
True
Is 47732893 a composite number?
True
Is 17050207 prime?
False
Is 17556629 prime?
False
Is 65037811 prime?
False
Is 2036851 composite?
True
Is 289078 prime?
False
Is 14773271 prime?
True
Is 262465529 composite?
False
Is 37146831 prime?
False
Is 134801 a composite number?
True
Is 6928043 a composite number?
False
Is 1595081 a prime number?
True
Is 30784463 a composite number?
False
Is 7267697 prime?
False
Is 130144451 a composite number?
False
Is 1363093 a composite number?
False
Is 183954242 a prime number?
False
Is 79101139 composite?
True
Is 123543527 a composite number?
False
Is 34890026 prime?
False
Is 25515923 composite?
False
Is 949849 a composite number?
False
Is 3259067 a prime number?
False
Is 4508279 a prime number?
False
Is 8323589 prime?
False
Is 513515077 a prime number?
True
Is 64480069 a prime number?
True
Is 13143245 a composite number?
True
Is 247979653 a comp